7 a prime number?
True
Is 5458 prime?
False
Is 23398 a composite number?
True
Is 167521 composite?
False
Is 42557 a prime number?
True
Is 77473 prime?
False
Is 13549 composite?
True
Is 4791 composite?
True
Is 207623 composite?
True
Is 47599 a composite number?
False
Is 30913 prime?
False
Is 1230239 prime?
False
Is 654671 composite?
False
Is 19281 a composite number?
True
Is 17221 prime?
False
Is 1008979 a prime number?
True
Is 75611 composite?
False
Is 4474 a prime number?
False
Is 7715 a prime number?
False
Is 71527 a composite number?
False
Is 20467 a composite number?
True
Is 330887 a prime number?
True
Is 1500459 a prime number?
False
Is 1205573 composite?
True
Is 381958 a composite number?
True
Is 2435035 a prime number?
False
Is 8698 a prime number?
False
Is 33281 prime?
False
Is 253131 a prime number?
False
Is 1285887 a prime number?
False
Is 22978 prime?
False
Is 1641637 prime?
True
Is 473653 a prime number?
False
Is 1218247 composite?
False
Is 11861 composite?
True
Is 81799 a prime number?
True
Is 199921 a composite number?
False
Is 21467 composite?
False
Is 977 composite?
False
Is 27689 a composite number?
False
Is 66001 a prime number?
False
Is 559739 a composite number?
False
Is 49303 a prime number?
False
Is 91283 a composite number?
False
Is 53347 a composite number?
True
Is 30679 composite?
True
Is 45249 prime?
False
Is 48337 composite?
False
Is 5578 prime?
False
Is 81239 composite?
False
Is 108727 prime?
True
Is 22151 a composite number?
True
Is 317881 a prime number?
False
Is 385057 a composite number?
False
Is 31301 composite?
True
Is 273607 a composite number?
True
Is 667334 composite?
True
Is 37379 a prime number?
True
Is 26191 composite?
True
Is 395 composite?
True
Is 5017 a prime number?
False
Is 1931 composite?
False
Is 1493669 prime?
False
Is 2832049 a prime number?
False
Is 8501 a prime number?
True
Is 13637 a composite number?
True
Is 3109 a prime number?
True
Is 118753 a composite number?
True
Is 7727 a composite number?
False
Is 6718 composite?
True
Is 176017 a prime number?
True
Is 9745 prime?
False
Is 581 a prime number?
False
Is 262969 prime?
False
Is 12553 prime?
True
Is 3397 composite?
True
Is 1009 prime?
True
Is 5947 composite?
True
Is 415733 prime?
False
Is 15089 prime?
False
Is 19253 a composite number?
True
Is 31469 composite?
False
Is 59197 composite?
False
Is 234817 a prime number?
False
Is 333959 prime?
True
Is 6931 composite?
True
Is 8501 prime?
True
Is 6814 composite?
True
Is 64661 prime?
True
Is 109685 prime?
False
Is 52103 prime?
True
Is 25059 composite?
True
Is 384817 a composite number?
False
Is 60355 a composite number?
True
Is 285067 prime?
False
Is 991 prime?
True
Is 2179 a prime number?
True
Is 425417 a composite number?
False
Is 5179 a composite number?
False
Is 5059 a composite number?
False
Is 157349 a composite number?
False
Is 22421 prime?
False
Is 61021 composite?
True
Is 67589 a prime number?
True
Is 2917 composite?
False
Is 5039 prime?
True
Is 14621 prime?
True
Is 729681 a prime number?
False
Is 6326 composite?
True
Is 108565 prime?
False
Is 158549 composite?
True
Is 730033 composite?
False
Is 426661 a prime number?
True
Is 5087 a prime number?
True
Is 16871 a prime number?
True
Is 7162 a prime number?
False
Is 8593 a composite number?
True
Is 550006 composite?
True
Is 5596343 composite?
False
Is 304127 a prime number?
True
Is 199247 a prime number?
True
Is 17093 composite?
False
Is 147011 composite?
False
Is 189445 composite?
True
Is 153358 composite?
True
Is 3204073 prime?
True
Is 302597 prime?
True
Is 13027 prime?
False
Is 38639 a composite number?
False
Is 1717 a prime number?
False
Is 3076213 a prime number?
False
Is 3505 composite?
True
Is 19259 composite?
False
Is 1315519 composite?
False
Is 129929 composite?
True
Is 15511 a composite number?
False
Is 42443 a prime number?
True
Is 39583 prime?
False
Is 293321 prime?
False
Is 79617 a composite number?
True
Is 2098 composite?
True
Is 20467 a composite number?
True
Is 335387 composite?
True
Is 171539 composite?
False
Is 2249 a prime number?
False
Is 589021 a prime number?
True
Is 118591 prime?
False
Is 1381 composite?
False
Is 178499 composite?
True
Is 15829 prime?
False
Is 1274795 a composite number?
True
Is 419513 composite?
False
Is 984523 composite?
True
Is 23813 prime?
True
Is 53 a prime number?
True
Is 25097 prime?
True
Is 52447 a prime number?
False
Is 38105 a composite number?
True
Is 4721 a composite number?
False
Is 21871 a composite number?
False
Is 3607 composite?
False
Is 299201 prime?
False
Is 127 prime?
True
Is 22823 a composite number?
True
Is 347195 a prime number?
False
Is 84913 composite?
False
Is 1310633 composite?
False
Is 557 a composite number?
False
Is 5591 composite?
False
Is 1959233 a composite number?
True
Is 42893 composite?
True
Is 279311 a composite number?
False
Is 36953 a composite number?
True
Is 60119 prime?
False
Is 3247 a prime number?
False
Is 13799 prime?
True
Is 36021 a prime number?
False
Is 332609 a prime number?
False
Is 50747 a composite number?
True
Is 222427 prime?
False
Is 46399 a composite number?
False
Is 28901 prime?
True
Is 863 a prime number?
True
Is 26473 a composite number?
True
Is 26921 a composite number?
False
Is 390685 a composite number?
True
Is 8035 a prime number?
False
Is 25397 prime?
False
Is 16033 prime?
True
Is 253499 a prime number?
False
Is 58103 a prime number?
False
Is 106531 prime?
True
Is 9029 prime?
True
Is 37667 a composite number?
True
Is 18899 composite?
False
Is 8999 a composite number?
False
Is 291391 composite?
True
Is 3691 prime?
True
Is 251 composite?
False
Is 43889 a prime number?
True
Is 7307 prime?
True
Is 658355 prime?
False
Is 9643 composite?
False
Is 436663 prime?
False
Is 274517 composite?
False
Is 28319 prime?
True
Is 907 a prime number?
True
Is 339173 composite?
False
Is 92531 a prime number?
False
Is 483317 a composite number?
False
Is 35471 a prime number?
False
Is 50185 prime?
False
Is 43889 a composite number?
False
Is 241901 composite?
True
Is 12029 prime?
False
Is 751021 prime?
True
Is 421438 a composite number?
True
Is 631 composite?
False
Is 438931 a composite number?
True
Is 1963873 composite?
False
Is 201743 a prime number?
True
Is 120643 a composite number?
True
Is 1031 composite?
False
Is 14243 a prime number?
True
Is 99217 a prime number?
False
Is 15727 a composite number?
False
Is 50923 a prime number?
True
Is 4721 prime?
True
Is 1348331 prime?
True
Is 1037 a composite number?
True
Is 221849 a prime number?
True
Is 163211 a composite number?
False
Is 25151 a prime number?
False
Is 4757 a composite number?
True
Is 14759 a prime number?
True
Is 820583 a prime number?
False
Is 17723 prime?
False
Is 96974 a prime number?
False
Is 23266 a prime number?
False
Is 1081 prime?
False
Is 3750647 prime?
False
Is 28915 prime?
False
Is 7613 a prime number?
False
Is 347 composite?
False
Is 95461 a prime number?
True
Is 96157 a composite number?
False
Is 3943 a prime number?
True
Is 391337 a composite number?
False
Is 22993 prime?
True
Is 12671 prime?
True
Is 14995 composite?
True
Is 941 a composite number?
False
Is 1186807 a prime number?
True
Is 2009521 composite?
True
Is 691837 a composite number?
False
Is 26305 a prime number?
False
Is 20201 a composite number?
False
Is 17165 composite?
True
Is 5209 a prime number?
True
Is 146597 a prime number?
False
Is 153817 prime?
True
Is 491 prime?
True
Is 22247 a prime number?
True
Is 111277 prime?
False
Is 15121 composite?
False
Is 15783 composite?
True
Is 48221 composite?
False
Is 2767 a composite number?
False
Is 99961 a composite number?
False
Is 2584979 composite?
False
Is 3163 a prime number?
True
Is 102013 a prime number?
True
Is 6311 a prime number?
True
Is 246637 prime?
True
Is 19829 composite?
True
Is 104843 a composite number?
True
Is 305341 a prime number?
False
Is 18197 composite?
True
Is 27289 a prime number?
False
Is 38039 a prime number?
True
Is 39703 a composite number?
False
Is 566827 prime?
False
Is 6999 prime?
False
Is 147601 prime?
False
Is 365179 a prime number?
True
Is 836251 prime?
False
Is 224401 composite?
False
Is 13397 a composite number?
False
Is 170627 prime?
True
Is 647 a composite number?
False
Is 48634 composite?
True
Is 124606 prime?
False
Is 146779 a prime number?
F